e remainder when 185068 is divided by 1341?
10
What is the remainder when 33219 is divided by 10970?
309
Calculate the remainder when 442132 is divided by 17.
13
What is the remainder when 626520 is divided by 1517?
1516
What is the remainder when 8468 is divided by 497?
19
What is the remainder when 42370 is divided by 14101?
67
Calculate the remainder when 21013 is divided by 375.
13
What is the remainder when 29619 is divided by 9844?
87
Calculate the remainder when 20857 is divided by 2080.
57
Calculate the remainder when 27562 is divided by 34.
22
What is the remainder when 461 is divided by 8?
5
What is the remainder when 1231 is divided by 32?
15
Calculate the remainder when 7662 is divided by 284.
278
What is the remainder when 24899 is divided by 1226?
379
What is the remainder when 1682 is divided by 193?
138
Calculate the remainder when 28330 is divided by 274.
108
What is the remainder when 15231 is divided by 238?
237
Calculate the remainder when 6369 is divided by 152.
137
Calculate the remainder when 449871 is divided by 121.
114
What is the remainder when 24411 is divided by 86?
73
Calculate the remainder when 4459 is divided by 1467.
58
Calculate the remainder when 3386 is divided by 424.
418
What is the remainder when 1090102 is divided by 19?
15
Calculate the remainder when 3168642 is divided by 15.
12
Calculate the remainder when 1874 is divided by 1429.
445
What is the remainder when 2325115 is divided by 56?
51
Calculate the remainder when 83887 is divided by 4.
3
Calculate the remainder when 6277 is divided by 449.
440
Calculate the remainder when 16489 is divided by 220.
209
Calculate the remainder when 706 is divided by 49.
20
What is the remainder when 20515 is divided by 73?
2
What is the remainder when 72546 is divided by 6593?
23
What is the remainder when 152303 is divided by 152290?
13
What is the remainder when 3434568 is divided by 22?
16
What is the remainder when 1139 is divided by 300?
239
What is the remainder when 8095 is divided by 85?
20
Calculate the remainder when 169 is divided by 7.
1
What is the remainder when 1377 is divided by 103?
38
Calculate the remainder when 1485 is divided by 502.
481
What is the remainder when 751 is divided by 232?
55
What is the remainder when 49258 is divided by 125?
8
What is the remainder when 1100 is divided by 248?
108
What is the remainder when 112545 is divided by 104?
17
What is the remainder when 22568 is divided by 610?
608
What is the remainder when 97808 is divided by 33?
29
Calculate the remainder when 3280 is divided by 436.
228
Calculate the remainder when 803 is divided by 398.
7
What is the remainder when 378 is divided by 356?
22
Calculate the remainder when 499 is divided by 78.
31
What is the remainder when 21431 is divided by 791?
74
Calculate the remainder when 485693 is divided by 198.
197
Calculate the remainder when 5795 is divided by 483.
482
What is the remainder when 28131 is divided by 131?
97
What is the remainder when 601 is divided by 1?
0
What is the remainder when 276636 is divided by 327?
321
Calculate the remainder when 22540 is divided by 1327.
1308
What is the remainder when 10114 is divided by 419?
58
What is the remainder when 8239 is divided by 8227?
12
Calculate the remainder when 55380 is divided by 27690.
0
Calculate the remainder when 2317 is divided by 1004.
309
What is the remainder when 12866 is divided by 1428?
14
What is the remainder when 28804 is divided by 4113?
13
Calculate the remainder when 114043 is divided by 1164.
1135
What is the remainder when 1036735 is divided by 97?
96
Calculate the remainder when 650158 is divided by 42.
40
Calculate the remainder when 8512 is divided by 2659.
535
Calculate the remainder when 2116 is divided by 228.
64
Calculate the remainder when 7250055 is divided by 11.
10
What is the remainder when 5768 is divided by 36?
8
What is the remainder when 42196 is divided by 14052?
40
Calculate the remainder when 5966 is divided by 1184.
46
Calculate the remainder when 86726 is divided by 42.
38
Calculate the remainder when 69201 is divided by 90.
81
Calculate the remainder when 1466 is divided by 1443.
23
What is the remainder when 33805 is divided by 405?
190
Calculate the remainder when 1843 is divided by 684.
475
What is the remainder when 129656 is divided by 241?
239
Calculate the remainder when 12322 is divided by 20.
2
What is the remainder when 1293 is divided by 498?
297
What is the remainder when 16858 is divided by 1185?
268
What is the remainder when 90417 is divided by 16?
1
Calculate the remainder when 6612 is divided by 189.
186
Calculate the remainder when 152182 is divided by 78.
4
Calculate the remainder when 223590 is divided by 90.
30
Calculate the remainder when 19497 is divided by 6.
3
What is the remainder when 17452 is divided by 8709?
34
What is the remainder when 19104 is divided by 19087?
17
Calculate the remainder when 27561 is divided by 180.
21
Calculate the remainder when 15267 is divided by 450.
417
Calculate the remainder when 105210 is divided by 31.
27
Calculate the remainder when 12573 is divided by 320.
93
Calculate the remainder when 2934 is divided by 186.
144
Calculate the remainder when 6574 is divided by 1312.
14
Calculate the remainder when 3645599 is divided by 1120.
1119
Calculate the remainder when 144381 is divided by 188.
185
What is the remainder when 4510 is divided by 1507?
1496
What is the remainder when 6798 is divided by 1132?
6
What is the remainder when 51511 is divided by 592?
7
Calculate the remainder when 19451 is divided by 126.
47
What is the remainder when 2394 is divided by 469?
49
What is the remainder when 4649 is divided by 464?
9
Calculate the remainder when 8635 is divided by 664.
3
What is the remainder when 139062 is divided by 139055?
7
What is the remainder when 3844 is divided by 49?
22
Calculate the remainder when 2321 is divided by 1795.
526
What is the remainder when 46966 is divided by 23470?
26
Calculate the remainder when 26517 is divided by 95.
12
Calculate the remainder when 340179 is divided by 52.
47
Calculate the remainder when 6685 is divided by 3330.
25
What is the remainder when 41762 is divided by 128?
34
Calculate the remainder when 3170 is divided by 657.
542
What is the remainder when 2161 is divided by 166?
3
Calculate the remainder when 4115 is divided by 84.
83
Calculate the remainder when 28813 is divided by 628.
553
What is the remainder when 34033 is divided by 191?
35
Calculate the remainder when 17576 is divided by 105.
41
What is the remainder when 103758 is divided by 20750?
8
Calculate the remainder when 353587 is divided by 348.
19
What is the remainder when 891 is divided by 8?
3
What is the remainder when 59999 is divided by 120?
119
Calculate the remainder when 232 is divided by 7.
1
What is the remainder when 167688 is divided by 56?
24
What is the remainder when 8399 is divided by 925?
74
What is the remainder when 14363 is divided by 59?
26
What is the remainder when 7168 is divided by 189?
175
What is the remainder when 29690 is divided by 14843?
4
What is the remainder when 294776 is divided by 20?
16
Calculate the remainder when 54854 is divided by 15.
14
Calculate the remainder when 4519 is divided by 2250.
19
What is the remainder when 93935 is divided by 214?
203
Calculate the remainder when 40792 is divided by 337.
15
What is the remainder when 14785 is divided by 54?
43
What is the remainder when 37176 is divided by 220?
216
What is the remainder when 8581250 is divided by 22?
18
What is the remainder when 78739 is divided by 20?
19
Calculate the remainder when 109166 is divided by 15594.
8
Calculate the remainder when 79127 is divided by 524.
3
What is the remainder when 3123 is divided by 734?
187
What is the remainder when 5144 is divided by 4734?
410
What is the remainder when 1940 is divided by 28?
8
What is the remainder when 12926 is divided by 137?
48
What is the remainder when 1070 is divided by 953?
117
Calculate the remainder when 1017642 is divided by 164.
22
Calculate the remainder when 229031 is divided by 80.
71
Calculate the remainder when 36939 is divided by 287.
203
What is the remainder when 6458815 is divided by 89?
85
Calculate the remainder when 43027